{"id":10,"date":"2018-11-12T13:39:38","date_gmt":"2018-11-12T13:39:38","guid":{"rendered":"http:\/\/vsneusiedl-zaya.ac.at\/?page_id=10"},"modified":"2025-11-03T15:28:39","modified_gmt":"2025-11-03T15:28:39","slug":"unser-team","status":"publish","type":"page","link":"https:\/\/vsneusiedl-zaya.ac.at\/?page_id=10","title":{"rendered":"Team"},"content":{"rendered":"\r\n<p>Die Volksschule Neusiedl an der Zaya stellt sich vor:<\/p>\r\n\r\n\r\n\r\n<p class=\"wp-block-gallery-1 is-layout-flex wp-block-gallery-is-layout-flex\"><img loading=\"lazy\" decoding=\"async\" class=\" wp-image-2219 aligncenter\" src=\"https:\/\/vsneusiedl-zaya.ac.at\/wp-content\/uploads\/2025\/11\/Vs.NeusiedlZ.26-277-300x218.jpg\" alt=\"\" width=\"455\" height=\"331\" srcset=\"https:\/\/vsneusiedl-zaya.ac.at\/wp-content\/uploads\/2025\/11\/Vs.NeusiedlZ.26-277-300x218.jpg 300w, https:\/\/vsneusiedl-zaya.ac.at\/wp-content\/uploads\/2025\/11\/Vs.NeusiedlZ.26-277-1024x743.jpg 1024w, https:\/\/vsneusiedl-zaya.ac.at\/wp-content\/uploads\/2025\/11\/Vs.NeusiedlZ.26-277-768x557.jpg 768w, https:\/\/vsneusiedl-zaya.ac.at\/wp-content\/uploads\/2025\/11\/Vs.NeusiedlZ.26-277-1536x1114.jpg 1536w, https:\/\/vsneusiedl-zaya.ac.at\/wp-content\/uploads\/2025\/11\/Vs.NeusiedlZ.26-277-2048x1485.jpg 2048w\" sizes=\"auto, (max-width: 455px) 100vw, 455px\" \/><\/p>\r\n<p style=\"text-align: center;\">Elisabeth Heinz, Lisa St\u00f6ckl, Ingrid Weihe, Thomas Muhr, Andrea Trimmel<\/p>\r\n\r\n\r\n\r\n<p>Der r\u00f6m.-kath. Religionsunterricht wird von Andreas K\u00f6ck gehalten.<br \/>Unsere Schulwartin Dagmar R\u00f6ck ist der gute Geist des Hauses.<\/p>\r\n","protected":false},"excerpt":{"rendered":"<p>Die Volksschule Neusiedl an der Zaya stellt sich vor: Der r\u00f6m.-kath. Religionsunterricht wird von Andreas K\u00f6ck gehalten.Unsere Schulwartin Dagmar R\u00f6ck ist der gute Geist des Hauses.<\/p>\n","protected":false},"author":2,"featured_media":0,"parent":0,"menu_order":0,"comment_status":"closed","ping_status":"closed","template":"","meta":{"footnotes":""},"class_list":["post-10","page","type-page","status-publish","hentry"],"_links":{"self":[{"href":"https:\/\/vsneusiedl-zaya.ac.at\/index.php?rest_route=\/wp\/v2\/pages\/10","targetHints":{"allow":["GET"]}}],"collection":[{"href":"https:\/\/vsneusiedl-zaya.ac.at\/index.php?rest_route=\/wp\/v2\/pages"}],"about":[{"href":"https:\/\/vsneusiedl-zaya.ac.at\/index.php?rest_route=\/wp\/v2\/types\/page"}],"author":[{"embeddable":true,"href":"https:\/\/vsneusiedl-zaya.ac.at\/index.php?rest_route=\/wp\/v2\/users\/2"}],"replies":[{"embeddable":true,"href":"https:\/\/vsneusiedl-zaya.ac.at\/index.php?rest_route=%2Fwp%2Fv2%2Fcomments&post=10"}],"version-history":[{"count":24,"href":"https:\/\/vsneusiedl-zaya.ac.at\/index.php?rest_route=\/wp\/v2\/pages\/10\/revisions"}],"predecessor-version":[{"id":2220,"href":"https:\/\/vsneusiedl-zaya.ac.at\/index.php?rest_route=\/wp\/v2\/pages\/10\/revisions\/2220"}],"wp:attachment":[{"href":"https:\/\/vsneusiedl-zaya.ac.at\/index.php?rest_route=%2Fwp%2Fv2%2Fmedia&parent=10"}],"curies":[{"name":"wp","href":"https:\/\/api.w.org\/{rel}","templated":true}]}}